mine y(-9).
-11
Let t(g) = 73*g - 950. Give t(13).
-1
Let m(t) = -12*t**2 + 148*t + 449. Determine m(-3).
-103
Let s(q) = q**2 + 191*q + 8144. Calculate s(-64).
16
Let p(c) = 29*c**3 + 2383*c**2 + 407*c - 241. Determine p(-82).
5
Let f(a) = -a**2 - 323*a + 3899. What is f(12)?
-121
Let x(b) = -9*b**3 - 31*b**2 + 6*b. Give x(-4).
56
Let k(i) = i**3 - 6*i**2 + 11*i - 44. What is k(5)?
-14
Let u(b) = -903*b - 99340. Determine u(-110).
-10
Let k(o) = 2*o**3 - 9502*o**2 + 37973*o + 3. Determine k(4).
-9
Let u(k) = 50*k**2 - 353*k + 22. Determine u(7).
1
Let x(a) = -a**3 - 36*a**2 - 54*a + 467. Calculate x(-34).
-9
Let l(h) = h**2 + 133*h + 3273. What is l(-92)?
-499
Let q(v) = 2*v**3 + 254*v**2 + 8065*v + 62. Give q(-64).
-2
Let j(l) = 26*l**3 + 3*l**2 - 13*l + 10. Calculate j(2).
204
Let p(r) = -r**3 + 14*r**2 - 22*r + 13. Give p(12).
37
Let y(l) = -2*l**3 + 96*l**2 - 96*l + 77. Determine y(47).
-17
Let q(f) = 9*f**2 + 148*f - 1496. What is q(7)?
-19
Let h(n) = 8*n**3 - 15*n**2 + n + 7. Give h(3).
91
Let q(b) = -b**3 + 30*b**2 + 210*b + 49. Calculate q(36).
-167
Let j(x) = -2*x**2 - 121*x - 753. What is j(-7)?
-4
Let v(f) = 37*f - 4020. Give v(108).
-24
Let v(p) = 3*p**2 - 49*p - 405. Calculate v(-6).
-3
Let y(q) = q**2 + 7*q + 51. Determine y(0).
51
Let a(n) = 25*n - 159. What is a(-4)?
-259
Let b(z) = -z**3 - 155*z**2 + 478*z + 626. Give b(-158).
-6
Let v(x) = -x**3 + 4*x**2 - 15*x + 8. Determine v(4).
-52
Let l(k) = -596*k + 8312. Give l(14).
-32
Let l(g) = 2*g**3 - 40*g**2 + 34*g + 90. Calculate l(19).
14
Let m(v) = -v**3 - 13*v**2 + 35*v + 81. Determine m(-15).
6
Let q(r) = -r**3 + 6*r**2 + 165*r - 1263. Calculate q(10).
-13
Let x(r) = -26*r - 322. What is x(-13)?
16
Let c(j) = -j**3 + 59*j**2 - 62*j + 226. Give c(58).
-6
Let v(i) = 40*i - 678. Calculate v(18).
42
Let w(v) = 72*v + 1770. Give w(-23).
114
Let k(n) = -75*n**2 + 387*n - 5. Give k(5).
55
Let u(f) = 2*f**3 + 33*f**2 + 71*f - 27. What is u(-14)?
-41
Let b(z) = -3*z**3 + 12*z**2 + 15*z - 5. What is b(6)?
-131
Let b(t) = t**3 - 7*t**2 + 98. Calculate b(0).
98
Let v(q) = -2*q**2 - 25*q + 699. Determine v(-26).
-3
Let z(j) = j**2 - 2*j + 108. Give z(8).
156
Let l(c) = 8*c**2 + 121*c + 22. Determine l(-15).
7
Let o(n) = -n**2 + 27*n - 161. Calculate o(0).
-161
Let m(k) = -8*k**2 - 91*k - 13. What is m(-11)?
20
Let f(v) = -v**3 + 6*v**2 + 32*v - 158. Calculate f(7).
17
Let z(w) = 2*w**3 + 24*w**2 + 43*w - 8. Determine z(-10).
-38
Let p(w) = 3*w**3 - 37*w**2 + 112*w. Give p(4).
48
Let a(x) = 2*x**2 + 27*x - 14. Calculate a(-15).
31
Let q(k) = 29*k - 137. Give q(9).
124
Let x(b) = -3*b**3 + 45*b**2 + 5*b - 30. Determine x(15).
45
Let s(v) = -2*v**3 + 3*v**2 + 14*v + 1. What is s(-5)?
256
Let l(b) = b**3 - 20*b**2 - 22*b - 45. What is l(21)?
-66
Let q(i) = 2*i**2 - 23*i + 25. Give q(10).
-5
Let r(g) = g**3 + 32*g**2 + 8*g - 691. Calculate r(-31).
22
Let d(i) = -10*i - 1153. Determine d(-106).
-93
Let k(z) = -17*z + 733. What is k(43)?
2
Let a(v) = 19*v**2 - 11*v + 76. Give a(4).
336
Let r(o) = -o**3 - 10*o**2 + 48*o - 105. Determine r(-14).
7
Let c(b) = 78*b - 7232. Determine c(92).
-56
Let s(h) = 93*h + 1395. What is s(-15)?
0
Let r(g) = -157*g + 1435. Determine r(11).
-292
Let c(k) = -17*k**3 + 1376*k**2 + 83*k - 164. Calculate c(81).
-2
Let n(q) = 294*q + 291. Calculate n(-1).
-3
Let d(h) = 269*h - 1588. Determine d(6).
26
Let u(p) = -2*p**3 + 161*p**2 - 235*p + 12393. Calculate u(80).
-7
Let x(y) = 36*y + 1925. Calculate x(-55).
-55
Let x(g) = g**2 - 326*g - 8792. What is x(-25)?
-17
Let i(r) = r**2 - 13*r + 149. Give i(12).
137
Let c(k) = 23*k**2 + 2*k - 194. Calculate c(-3).
7
Let t(h) = -280*h - 12534. Determine t(-45).
66
Let h(v) = v**3 - 2*v**2 + 16*v - 93. Calculate h(4).
3
Let r(p) = p**3 + 25*p**2 + 57*p + 676. Determine r(-24).
-116
Let b(i) = -26*i - 120. Give b(-10).
140
Let a(c) = 3*c**2 + 214*c + 1274. Determine a(-65).
39
Let s(y) = -2*y**2 - 30*y - 62. Give s(-13).
-10
Let n(g) = -5*g**2 + 96*g + 29. What is n(15)?
344
Let z(d) = 3*d**3 - 266*d**2 + 433*d + 179. Give z(87).
5
Let a(y) = -16*y - 175. Calculate a(2).
-207
Let t(i) = 2*i**3 + 110*i**2 + 109*i + 46. Calculate t(-54).
-8
Let a(g) = -15*g - 402. Determine a(-29).
33
Let a(x) = 1144*x - 1141. Give a(1).
3
Let q(w) = 7*w**2 + 275*w - 8696. What is q(-60)?
4
Let v(w) = w**2 - 73*w - 10895. What is v(147)?
-17
Let q(o) = -o**3 - 18*o**2 - 13*o - 12. What is q(-16)?
-316
Let d(j) = -j**2 + 1253*j - 17317. Give d(14).
29
Let f(x) = -x**2 - 5*x + 10. Calculate f(-7).
-4
Let w(s) = -1319*s - 11874. What is w(-9)?
-3
Let m(p) = 49*p**3 - 4*p**2 + 29*p - 35. What is m(2)?
399
Let c(m) = -m**2 + 2*m + 505. Determine c(23).
22
Let g(q) = 58*q**2 + q + 3. Determine g(0).
3
Let k(g) = 6*g**2 + 219*g + 444. Calculate k(-2).
30
Let y(t) = 23*t**2 - 177*t + 13. What is y(7)?
-99
Let u(r) = 3420*r - 13609. Determine u(4).
71
Let w(n) = -2*n**2 - 152*n - 835. Give w(-70).
5
Let a(l) = -51*l + 1024. Determine a(24).
-200
Let y(n) = n**2 - 6*n - 187. Give y(17).
0
Let m(a) = 55*a - 30. Give m(4).
190
Let k(a) = -14*a**3 - 94*a**2 + 29*a + 11. Give k(-7).
4
Let y(t) = t**3 + 59*t**2 - 89*t - 8504. What is y(-58)?
22
Let v(b) = 5*b**2 - 528*b - 219. What is v(106)?
-7
Let h(f) = f**3 - 11*f**2 - 154*f + 29. What is h(19)?
-9
Let p(l) = 47*l**3 - 5*l**2 + 5*l - 1. Give p(1).
46
Let p(f) = 4*f**3 + 51*f**2 + 138*f. What is p(-7)?
161
Let a(w) = 4*w**3 - 16*w**2 - 15*w - 12. Determine a(5).
13
Let o(q) = 1453*q - 6. Calculate o(0).
-6
Let x(j) = -7416*j + 29664. What is x(4)?
0
Let j(z) = z**2 + 20*z - 160. Give j(-24).
-64
Let b(m) = -2*m**2 - 40*m + 32. Calculate b(-21).
-10
Let t(l) = l**3 + 18*l**2 + 17*l + 20. Give t(-17).
20
Let m(u) = 96*u**3 + 82*u**2 - 2*u - 1. What is m(-1)?
-13
Let i(p) = 2*p**3 + 35*p**2 - 28*p - 169. Give i(-18).
11
Let c(d) = 102*d**2 + 2344*d - 26. Calculate c(-23).
20
Let t(b) = 3*b**2 - 264*b + 2771. Determine t(11).
230
Let w(s) = -149*s - 8034. Calculate w(-54).
12
Let q(i) = 3*i**3 - 80*i**2 + 90*i - 19. What is q(26)?
969
Let q(v) = -2*v**3 + 28*v**2 - 8. What is q(14)?
-8
Let s(f) = f**3 + 14*f**2 + 70*f - 10. What is s(-8)?
-186
Let r(h) = -38*h - 69. Determine r(-5).
121
Let p(j) = -6710*j - 107355. Determine p(-16).
5
Let v(g) = 17*g**2 + 216*g - 5. Calculate v(-10).
-465
Let n(j) = 136*j + 409. What is n(-3)?
1
Let i(z) = -3*z**3 + 24*z**2 - 55*z + 142. Calculate i(6).
28
Let g(x) = 8*x**2 + 11*x. Give g(1).
19
Let o(f) = -f**3 + 2*f**2 + 478*f - 953. Determine o(2).
3
Let x(a) = 35*a - 1033. What is x(28)?
-53
Let k(l) = l**3 + 109*l**2 - 350*l - 1416. Calculate k(-112).
152
Let j(w) = w**3 + 12*w**2 - 8*w - 12. Determine j(-12).
84
Let z(i) = i**2 + 39*i + 46. Calculate z(-36).
-62
Let w(g) = -g**3 - 24*g**2 + 68*g + 1634. Give w(-24).
2
Let y(f) = 2855*f - 14277. Give y(5).
-2
Let r(x) = -8615*x - 25844. Calculate r(-3).
1
Let l(c) = -c**2 + 50*c - 319. Determine l(8).
17
Let v(k) = 3*k**2 + 16*k - 20. What is v(-6)?
-8
Let n(x) = -1345*x - 188297. Calculate n(-140).
3
Let l(i) = -48*i - 2. Determine l(1).
-50
Let w(h) = 4228*h + 54963. Determine w(-13).
-1
Let k(y) = y**3 + 50*y**2 + 6*y - 4322. Calculate k(-48).
-2
Let r(n) = n**3 + 27*n**2 + 9*n + 253. Calculate r(-27).
10
Let n(l) = 8*l + 39. What is n(-14)?
-73
Let i(y) = 3*y**3 - 28*y**2 - 12*y + 22. Determine i(9).
-167
Let n(l) = -l**3 - l**2 - 10*l - 51. Determine n(-3).
-3
Let r(k) = 4*k**3 - 19*k**2 - 33*k - 4. Determine r(-4).
-432
Let v(o) = -181*o - 7412. Calculate v(-41).
9
Let x(m) = -97*m - 423. Determine x(-11).
644
Let d(c) = -4*c**3 - 405*c**2 - 93*c + 821. Determine d(-101).
13
Let h(u) = -2*u**2 - 201*u - 2969. Determine h(-18).
1
Let g(i) = 43*i + 2953. Give g(-69).
-14
Let s(r) = 4*r**3 - 144*r**2 + 28. Give s(36).
28
Let b(d) = -d**2 - 50*d - 263. Give b(-43).
38
Let r(n) = -14*n + 623. Give r(45).
-7
Let x(p) = 482*p - 27913. What is x(58)?
43
Let y(j) = j**3 - 34*j**2 - 20*j - 530. Calculate y(35).
-5
Let g(u) = -2*u**3 - 63*u**2 + 30*u - 41. Determine g(-32).
23
Let r(w) = 73*w**2 + 11*w + 12. Determine r(-1).
74
Let o(s) = 18*s**2 - s - 20. Give o(4).
264
Let r(t) = 2*t**3 - 5*t**2 + 148*t - 288. Determine r(2).
4
Let n(s) = s**3 - 8*s**2 + 11*s + 1. Determine n(5).
-19
Let i(l) = 22*l**2 - 31*l + 54. Give 